{"id":1539,"date":"2026-04-30T06:22:25","date_gmt":"2026-04-30T06:22:25","guid":{"rendered":"https:\/\/jazzviolinist.com\/event\/jadwiga-kotnowska-mateusz-smoczynski-i-sinfonia-viva-suita-polska-warszawskie-spotkania-muzyczne\/"},"modified":"2026-04-30T06:22:25","modified_gmt":"2026-04-30T06:22:25","slug":"jadwiga-kotnowska-mateusz-smoczynski-i-sinfonia-viva-suita-polska-warszawskie-spotkania-muzyczne","status":"publish","type":"tribe_events","link":"https:\/\/jazzviolinist.com\/en\/event\/jadwiga-kotnowska-mateusz-smoczynski-i-sinfonia-viva-suita-polska-warszawskie-spotkania-muzyczne\/","title":{"rendered":"Jadwiga Kotnowska, Mateusz Smoczy\u0144ski i Sinfonia Viva \u2013 Suita Polska | Warszawskie Spotkania Muzyczne"},"content":{"rendered":"<div class=\"xdj266r x14z9mp xat24cr x1lziwak x1vvkbs\">40. Warszawskie Spotkania Muzyczne (18-26.05026)<\/div>\n<div class=\"x14z9mp xat24cr x1lziwak x1vvkbs xtlvy1s\">Zapraszamy!<\/div>\n<div class=\"x14z9mp xat24cr x1lziwak x1vvkbs xtlvy1s\"><span class=\"html-span xexx8yu xyri2b x18d9i69 x1c1uobl x1hl2dhg x16tdsg8 x1vvkbs x3nfvp2 x1j61x8r x1fcty0u xdj266r xat24cr xm2jcoa x1mpyi22 xxymvpz xlup9mm x1kky2od\"><img loading=\"lazy\" decoding=\"async\" class=\"xz74otr x15mokao x1ga7v0g x16uus16 xbiv7yw\" src=\"https:\/\/static.xx.fbcdn.net\/images\/emoji.php\/v9\/t1d\/2\/16\/1f4c5.png\" alt=\"\ud83d\udcc5\" width=\"16\" height=\"16\" \/><\/span> wtorek, 26 maja godz. 19:00<br class=\"html-br\" \/>Studio Koncertowe PR im. Witolda Lutos\u0142awskiego, ul. Modzelewskiego 59<\/div>\n<div class=\"x14z9mp xat24cr x1lziwak x1vvkbs xtlvy1s\"><span class=\"html-span xexx8yu xyri2b x18d9i69 x1c1uobl x1hl2dhg x16tdsg8 x1vvkbs x3nfvp2 x1j61x8r x1fcty0u xdj266r xat24cr xm2jcoa x1mpyi22 xxymvpz xlup9mm x1kky2od\"><img loading=\"lazy\" decoding=\"async\" class=\"xz74otr x15mokao x1ga7v0g x16uus16 xbiv7yw\" src=\"https:\/\/static.xx.fbcdn.net\/images\/emoji.php\/v9\/t3d\/2\/16\/1f3b5.png\" alt=\"\ud83c\udfb5\" width=\"16\" height=\"16\" \/><\/span> SZKICE POLSKIE<br class=\"html-br\" \/>Smyczki, soli\u015bci i Witkacy w tle<\/div>\n<div class=\"x14z9mp xat24cr x1lziwak x1vvkbs xtlvy1s\">Niezale\u017cna orkiestra Sinfonia Viva, kt\u00f3ra nagra\u0142a ponad 50 p\u0142yt, w tym t\u0119 z Chopinem, kt\u00f3ra towarzyszy\u0142a astronautom na orbicie, po\u0142\u0105czy tym razem w jednym koncercie folkowo-witkacowsk\u0105 awangard\u0119, neoklasyk\u0119 i jazz. <br class=\"html-br\" \/>Pejza\u017cu dope\u0142ni\u0105 trzy prawykonania!<\/div>\n<div class=\"x14z9mp xat24cr x1lziwak x1vvkbs xtlvy1s\"><\/div>\n<div class=\"x14z9mp xat24cr x1lziwak x1vvkbs xtlvy1s\">\ud835\uddea\ud835\uddec\ud835\uddde\ud835\udde2\ud835\udde1\ud835\uddd4\ud835\uddea\ud835\uddd6\ud835\uddec<\/div>\n<div class=\"x14z9mp xat24cr x1lziwak x1vvkbs xtlvy1s\">Jadwiga Kotnowska \u2013 flet<br class=\"html-br\" \/>Mariusz Mocarski \u2013 wibrafon<br class=\"html-br\" \/>Mateusz Smoczy\u0144ski \u2013 skrzypce, skrzypce barytonowe<br class=\"html-br\" \/>Orkiestra Sinfonia Viva<br class=\"html-br\" \/>Tomasz Radziwonowicz \u2013 dyrygent<\/div>\n<div class=\"x14z9mp xat24cr x1lziwak x1vvkbs xtlvy1s\"><\/div>\n<div class=\"x14z9mp xat24cr x1lziwak x1vvkbs xtlvy1s\">\ud835\udde3\ud835\udde5\ud835\udde2\ud835\uddda\ud835\udde5\ud835\uddd4\ud835\udde0<\/div>\n<div class=\"x14z9mp xat24cr x1lziwak x1vvkbs xtlvy1s\">Jerzy Kornowicz \u2013 Sceny z Witkacego na orkiestr\u0119 smyczkow\u0105, instrumenty etniczne i s\u0142owa m\u00f3wione (2017)<\/div>\n<div class=\"x14z9mp xat24cr x1lziwak x1vvkbs xtlvy1s\">Filip Matuszewski \u2013 Imitacje i wariacje na orkiestr\u0119 smyczkow\u0105 (2023)*<\/div>\n<div class=\"x14z9mp xat24cr x1lziwak x1vvkbs xtlvy1s\">Tomasz Radziwonowicz \u2013 Szkice na wibrafon i na orkiestr\u0119 smyczkow\u0105 (2022)*<\/div>\n<div class=\"x14z9mp xat24cr x1lziwak x1vvkbs xtlvy1s\">Jaros\u0142aw Siwi\u0144ski \u2013 Rondo animato na orkiestr\u0119 smyczkow\u0105 (2026)*<\/div>\n<div class=\"x14z9mp xat24cr x1lziwak x1vvkbs xtlvy1s\">Mateusz Smoczy\u0144ski \u2013 Suita polska na flet, skrzypce, skrzypce barytonowe i orkiestr\u0119 smyczkow\u0105 (2022)<\/div>\n<div class=\"x14z9mp xat24cr x1lziwak x1vvkbs xtlvy1s\"><\/div>\n<div class=\"x14z9mp xat24cr x1lziwak x1vvkbs xtlvy1s\"><span class=\"html-span xexx8yu xyri2b x18d9i69 x1c1uobl x1hl2dhg x16tdsg8 x1vvkbs x3nfvp2 x1j61x8r x1fcty0u xdj266r xat24cr xm2jcoa x1mpyi22 xxymvpz xlup9mm x1kky2od\"><img loading=\"lazy\" decoding=\"async\" class=\"xz74otr x15mokao x1ga7v0g x16uus16 xbiv7yw\" src=\"https:\/\/static.xx.fbcdn.net\/images\/emoji.php\/v9\/td2\/2\/16\/2714.png\" alt=\"\u2714\" width=\"16\" height=\"16\" \/><\/span> WST\u0118P WOLNY <span class=\"html-span xexx8yu xyri2b x18d9i69 x1c1uobl x1hl2dhg x16tdsg8 x1vvkbs x3nfvp2 x1j61x8r x1fcty0u xdj266r xat24cr xm2jcoa x1mpyi22 xxymvpz xlup9mm x1kky2od\"><img loading=\"lazy\" decoding=\"async\" class=\"xz74otr x15mokao x1ga7v0g x16uus16 xbiv7yw\" src=\"https:\/\/static.xx.fbcdn.net\/images\/emoji.php\/v9\/td2\/2\/16\/2714.png\" alt=\"\u2714\" width=\"16\" height=\"16\" \/><\/span><\/div>\n<div class=\"x14z9mp xat24cr x1lziwak x1vvkbs xtlvy1s\"><span class=\"html-span xexx8yu xyri2b x18d9i69 x1c1uobl x1hl2dhg x16tdsg8 x1vvkbs x3nfvp2 x1j61x8r x1fcty0u xdj266r xat24cr xm2jcoa x1mpyi22 xxymvpz xlup9mm x1kky2od\"><img loading=\"lazy\" decoding=\"async\" class=\"xz74otr x15mokao x1ga7v0g x16uus16 xbiv7yw\" src=\"https:\/\/static.xx.fbcdn.net\/images\/emoji.php\/v9\/ta7\/2\/16\/1f341.png\" alt=\"\ud83c\udf41\" width=\"16\" height=\"16\" \/><\/span> Festiwal jest otwarty dla wszystkich mi\u0142o\u015bnik\u00f3w muzyki. Meloman\u00f3w ze specjalnymi potrzebami prosimy o przes\u0142anie informacji o planach uczestnictwa na adres e-mail: zkp@zkp.org.pl. Ch\u0119tnie Pa\u0144stwu pomo\u017cemy.<\/div>\n<div class=\"x14z9mp xat24cr x1lziwak x1vvkbs xtlvy1s\">Do zobaczenia!<\/div>\n<div class=\"x14z9mp xat24cr x1lziwak x1vvkbs xtlvy1s\">____________________<\/div>\n<div class=\"x14z9mp xat24cr x1lziwak x1vvkbs xtlvy1s\">* prawykonanie<\/div>\n","protected":false},"excerpt":{"rendered":"<p>40. Warszawskie Spotkania Muzyczne (18-26.05026) Zapraszamy! wtorek, 26 maja godz. 19:00Studio Koncertowe PR im. Witolda Lutos\u0142awskiego, ul. Modzelewskiego 59 SZKICE POLSKIESmyczki, soli\u015bci i Witkacy w tle Niezale\u017cna orkiestra Sinfonia Viva, [&hellip;]<\/p>\n","protected":false},"author":1,"featured_media":1540,"template":"","meta":{"_acf_changed":false,"_tribe_events_status":"","_tribe_events_status_reason":"","_tribe_events_is_hybrid":"","_tribe_events_is_virtual":"","_tribe_events_virtual_video_source":"","_tribe_events_virtual_embed_video":"","_tribe_events_virtual_linked_button_text":"","_tribe_events_virtual_linked_button":"","_tribe_events_virtual_show_embed_at":"","_tribe_events_virtual_show_embed_to":[],"_tribe_events_virtual_show_on_event":"","_tribe_events_virtual_show_on_views":"","_tribe_events_virtual_url":"","footnotes":""},"tags":[256,159,257,258,259,260],"tribe_events_cat":[261,262,263],"class_list":["post-1539","tribe_events","type-tribe_events","status-publish","has-post-thumbnail","hentry","tag-jadwiga-kotnowska","tag-mateusz-smoczynski","tag-orkiestra-sinfonia-viva","tag-suita-polska","tag-tomasz-radziwonowicz","tag-warszawskie-spotkania-muzyczne","tribe_events_cat-mateusz-smoczynski","tribe_events_cat-orchestra","tribe_events_cat-polish-suite","cat_mateusz-smoczynski","cat_orchestra","cat_polish-suite"],"acf":[],"_links":{"self":[{"href":"https:\/\/jazzviolinist.com\/en\/wp-json\/wp\/v2\/tribe_events\/1539","targetHints":{"allow":["GET"]}}],"collection":[{"href":"https:\/\/jazzviolinist.com\/en\/wp-json\/wp\/v2\/tribe_events"}],"about":[{"href":"https:\/\/jazzviolinist.com\/en\/wp-json\/wp\/v2\/types\/tribe_events"}],"author":[{"embeddable":true,"href":"https:\/\/jazzviolinist.com\/en\/wp-json\/wp\/v2\/users\/1"}],"version-history":[{"count":0,"href":"https:\/\/jazzviolinist.com\/en\/wp-json\/wp\/v2\/tribe_events\/1539\/revisions"}],"wp:featuredmedia":[{"embeddable":true,"href":"https:\/\/jazzviolinist.com\/en\/wp-json\/wp\/v2\/media\/1540"}],"wp:attachment":[{"href":"https:\/\/jazzviolinist.com\/en\/wp-json\/wp\/v2\/media?parent=1539"}],"wp:term":[{"taxonomy":"post_tag","embeddable":true,"href":"https:\/\/jazzviolinist.com\/en\/wp-json\/wp\/v2\/tags?post=1539"},{"taxonomy":"tribe_events_cat","embeddable":true,"href":"https:\/\/jazzviolinist.com\/en\/wp-json\/wp\/v2\/tribe_events_cat?post=1539"}],"curies":[{"name":"wp","href":"https:\/\/api.w.org\/{rel}","templated":true}]}}

Jadwiga Kotnowska, Mateusz Smoczyński i Sinfonia Viva – Suita Polska | Warszawskie Spotkania Muzyczne

<div class="xdj266r x14z9mp xat24cr x1lziwak x1vvkbs">40. Warszawskie Spotkania Muzyczne (18-26.05026)</div>
<div class="x14z9mp xat24cr x1lziwak x1vvkbs xtlvy1s">Zapraszamy!</div>
<div class="x14z9mp xat24cr x1lziwak x1vvkbs xtlvy1s"><span class="html-span xexx8yu xyri2b x18d9i69 x1c1uobl x1hl2dhg x16tdsg8 x1vvkbs x3nfvp2 x1j61x8r x1fcty0u xdj266r xat24cr xm2jcoa x1mpyi22 xxymvpz xlup9mm x1kky2od"><img loading="lazy" decoding="async" class="xz74otr x15mokao x1ga7v0g x16uus16 xbiv7yw" src="https://static.xx.fbcdn.net/images/emoji.php/v9/t1d/2/16/1f4c5.png" alt="📅" width="16" height="16" /></span> wtorek, 26 maja godz. 19:00<br class="html-br" />Studio Koncertowe PR im. Witolda Lutosławskiego, ul. Modzelewskiego 59</div>
<div class="x14z9mp xat24cr x1lziwak x1vvkbs xtlvy1s"><span class="html-span xexx8yu xyri2b x18d9i69 x1c1uobl x1hl2dhg x16tdsg8 x1vvkbs x3nfvp2 x1j61x8r x1fcty0u xdj266r xat24cr xm2jcoa x1mpyi22 xxymvpz xlup9mm x1kky2od"><img loading="lazy" decoding="async" class="xz74otr x15mokao x1ga7v0g x16uus16 xbiv7yw" src="https://static.xx.fbcdn.net/images/emoji.php/v9/t3d/2/16/1f3b5.png" alt="🎵" width="16" height="16" /></span> SZKICE POLSKIE<br class="html-br" />Smyczki, soliści i Witkacy w tle</div>
<div class="x14z9mp xat24cr x1lziwak x1vvkbs xtlvy1s">Niezależna orkiestra Sinfonia Viva, która nagrała ponad 50 płyt, w tym tę z Chopinem, która towarzyszyła astronautom na orbicie, połączy tym razem w jednym koncercie folkowo-witkacowską awangardę, neoklasykę i jazz. <br class="html-br" />Pejzażu dopełnią trzy prawykonania!</div>
<div class="x14z9mp xat24cr x1lziwak x1vvkbs xtlvy1s"></div>
<div class="x14z9mp xat24cr x1lziwak x1vvkbs xtlvy1s">𝗪𝗬𝗞𝗢𝗡𝗔𝗪𝗖𝗬</div>
<div class="x14z9mp xat24cr x1lziwak x1vvkbs xtlvy1s">Jadwiga Kotnowska – flet<br class="html-br" />Mariusz Mocarski – wibrafon<br class="html-br" />Mateusz Smoczyński – skrzypce, skrzypce barytonowe<br class="html-br" />Orkiestra Sinfonia Viva<br class="html-br" />Tomasz Radziwonowicz – dyrygent</div>
<div class="x14z9mp xat24cr x1lziwak x1vvkbs xtlvy1s"></div>
<div class="x14z9mp xat24cr x1lziwak x1vvkbs xtlvy1s">𝗣𝗥𝗢𝗚𝗥𝗔𝗠</div>
<div class="x14z9mp xat24cr x1lziwak x1vvkbs xtlvy1s">Jerzy Kornowicz – Sceny z Witkacego na orkiestrę smyczkową, instrumenty etniczne i słowa mówione (2017)</div>
<div class="x14z9mp xat24cr x1lziwak x1vvkbs xtlvy1s">Filip Matuszewski – Imitacje i wariacje na orkiestrę smyczkową (2023)*</div>
<div class="x14z9mp xat24cr x1lziwak x1vvkbs xtlvy1s">Tomasz Radziwonowicz – Szkice na wibrafon i na orkiestrę smyczkową (2022)*</div>
<div class="x14z9mp xat24cr x1lziwak x1vvkbs xtlvy1s">Jarosław Siwiński – Rondo animato na orkiestrę smyczkową (2026)*</div>
<div class="x14z9mp xat24cr x1lziwak x1vvkbs xtlvy1s">Mateusz Smoczyński – Suita polska na flet, skrzypce, skrzypce barytonowe i orkiestrę smyczkową (2022)</div>
<div class="x14z9mp xat24cr x1lziwak x1vvkbs xtlvy1s"></div>
<div class="x14z9mp xat24cr x1lziwak x1vvkbs xtlvy1s"><span class="html-span xexx8yu xyri2b x18d9i69 x1c1uobl x1hl2dhg x16tdsg8 x1vvkbs x3nfvp2 x1j61x8r x1fcty0u xdj266r xat24cr xm2jcoa x1mpyi22 xxymvpz xlup9mm x1kky2od"><img loading="lazy" decoding="async" class="xz74otr x15mokao x1ga7v0g x16uus16 xbiv7yw" src="https://static.xx.fbcdn.net/images/emoji.php/v9/td2/2/16/2714.png" alt="✔" width="16" height="16" /></span> WSTĘP WOLNY <span class="html-span xexx8yu xyri2b x18d9i69 x1c1uobl x1hl2dhg x16tdsg8 x1vvkbs x3nfvp2 x1j61x8r x1fcty0u xdj266r xat24cr xm2jcoa x1mpyi22 xxymvpz xlup9mm x1kky2od"><img loading="lazy" decoding="async" class="xz74otr x15mokao x1ga7v0g x16uus16 xbiv7yw" src="https://static.xx.fbcdn.net/images/emoji.php/v9/td2/2/16/2714.png" alt="✔" width="16" height="16" /></span></div>
<div class="x14z9mp xat24cr x1lziwak x1vvkbs xtlvy1s"><span class="html-span xexx8yu xyri2b x18d9i69 x1c1uobl x1hl2dhg x16tdsg8 x1vvkbs x3nfvp2 x1j61x8r x1fcty0u xdj266r xat24cr xm2jcoa x1mpyi22 xxymvpz xlup9mm x1kky2od"><img loading="lazy" decoding="async" class="xz74otr x15mokao x1ga7v0g x16uus16 xbiv7yw" src="https://static.xx.fbcdn.net/images/emoji.php/v9/ta7/2/16/1f341.png" alt="🍁" width="16" height="16" /></span> Festiwal jest otwarty dla wszystkich miłośników muzyki. Melomanów ze specjalnymi potrzebami prosimy o przesłanie informacji o planach uczestnictwa na adres e-mail: zkp@zkp.org.pl. Chętnie Państwu pomożemy.</div>
<div class="x14z9mp xat24cr x1lziwak x1vvkbs xtlvy1s">Do zobaczenia!</div>
<div class="x14z9mp xat24cr x1lziwak x1vvkbs xtlvy1s">____________________</div>
<div class="x14z9mp xat24cr x1lziwak x1vvkbs xtlvy1s">* prawykonanie</div>

<p>40. Warszawskie Spotkania Muzyczne (18-26.05026) Zapraszamy! wtorek, 26 maja godz. 19:00Studio Koncertowe PR im. Witolda Lutosławskiego, ul. Modzelewskiego 59 SZKICE POLSKIESmyczki, soliści i Witkacy w tle Niezależna orkiestra Sinfonia Viva, [&hellip;]</p>
